 (5 - 0).
-13
Calculate (0 - 31) + -104 + 115.
-20
Evaluate -77 + 70 + (-3 - (2 - 1) - 3).
-14
-19 + 48 - -7 - 17
19
Calculate -14 + 15 + (-3 - (4 - 16)).
10
Calculate (-6 + 10 - -11 - 22) + 2.
-5
What is the value of 6 + (15 - 20) - 14?
-13
-3 + 32 + -12 + -19 + 1 + 5
4
What is -9 - ((8 - 1) + (8 - 2))?
-22
Calculate 0 - (-8 - (-3 + (2 - -3))).
10
What is the value of -1 - (-12 + (-19 - -26))?
4
Evaluate -1 - 1 - ((-23 - -6) + 13).
2
What is the value of (2 - -3) + -31 - -24?
-2
Evaluate -1149 + 1149 - (19 - -1).
-20
What is -7 + 4 + (3 - (-5 + 11)) + -3?
-9
What is -1 - -6 - (23 + -13 + (-6 - 15))?
16
What is the value of 30 + -6 + -1 + 3 + -6 + 0?
20
(-2 - -2 - -16) + (-212 - -218)
22
Calculate (9 - 2) + -4 + -2 + -4 + 5.
2
Evaluate 27 + (12 + -10 - 9).
20
What is the value of (-33 - (-48 - 7)) + -7?
15
What is (-1 - (-2 + 1)) + (-46 - -53)?
7
6 - (19 - 11 - 15)
13
What is 7 + -16 + (-3 - (2 + (-3 - -5)))?
-16
(-24 + 15 + 24 - (5 - -2)) + -20
-12
What is the value of -1 + 9 + 8 - -1?
17
What is the value of (-1 - (-9 - 0)) + (-12 + 22 - -8)?
26
Calculate 22 + (-10 - 0) + 24 - 13.
23
What is the value of -4 + 7 + -6 + 5 - -10?
12
Evaluate -43 + 40 + (-3 + 7 - -8).
9
10 + (-17 - -3) + -2
-6
What is 41 - (25 - -61) - -76?
31
Calculate -13 + 5 + 1 + 600 + -563.
30
Calculate (2444 - 2483) + (75 - -1).
37
What is the value of -2 + (1 + 8 - (3 - 5 - -3))?
6
116 + -102 + -2 + -11
1
Evaluate (-9 - (-40 - -1)) + -13.
17
Calculate 4 - (-46 - -33) - 14.
3
(-37 - -22) + (3 - -8)
-4
What is -2 + 5 + 0 - (5 - 12) - 35?
-25
10 - (-1 - -3 - -11)
-3
20 - ((59 - 17) + -16)
-6
Calculate (33 - 20 - -6) + -14 - 6.
-1
Evaluate -5 - (1 - (0 + 3 + -11 + 4)).
-10
Calculate 0 - 1 - 4 - ((-5 - 0) + -15).
15
What is (-11 - (-11 - (-18 - -12))) + 2?
-4
What is -1 - -13 - (4 + 16 + -11)?
3
What is 6 - (9 - 2) - (63 + -66)?
2
-1 - (1 - (-4 - (0 + -5 + -1)))
0
Evaluate (-1 - -2) + (-11 + (-26 - -19) - -27).
10
6 + -6 + 1 + -2 + -2
-3
What is the value of (2 - -1 - (-8 + 16)) + 14?
9
(-1 - -5 - 7) + 3 - (6 + -22)
16
Evaluate -2 + 3 + 14 + 10 + -22 - -15.
18
What is the value of 7 + 20 - (61 - 13)?
-21
What is the value of (8 - 6) + -6 + -1 + 13?
8
What is the value of -389 - -426 - (2 - -16)?
19
What is (-20 - 0) + -89 + 74 + 14?
-21
Evaluate -66 + 55 - (-2 + 4 + 0).
-13
Calculate (4 - 20) + (0 + 4 - -1).
-11
What is 183 - 190 - (-1 + -10 + 0)?
4
0 - (33 + -31 - (-2 + 2 + 0))
-2
What is (5 - (2 + -7)) + -28 + 17?
-1
-13 - (1 + 6 + -1 - (64 + -56))
-11
Calculate -319 + 318 + 17 + 2.
18
Evaluate 19 + -12 - 13 - (-9 + 5 - -5).
-7
-8 - -12 - (-11 - -1)
14
-1 + 7 + (12 - 19 - -9 - 19)
-11
Evaluate (-7 - ((7 - 11) + -4)) + (-10 - -14).
5
-10 + (16 - 11) - (11 + -14)
-2
What is the value of -3 + (7 - -4) + -16?
-8
Evaluate 1 + 14 + (17 - (5 + 10)) - 4.
13
What is 21 - (8 + 3 + 8)?
2
What is the value of 1 - 15 - (276 + -324)?
34
-11 + (39 - (-23 + 49))
2
Calculate 2 - 7 - (-13 + 10 + (-24 - 4)).
26
31 + -37 + 42 + -36
0
Calculate 31 + -6 + (-32 - -6).
-1
What is -3 - ((8 - 2) + (-1 - (-2 - -3)))?
-7
Evaluate 14 + (33 - 39) + (0 + 4 - 5).
7
Evaluate 1 + 3 + 0 + -12 + 10.
2
What is the value of -11 + 19 + -7 + 5 - 9?
-3
What is the value of -6 - -1 - 5 - -1 - -5?
-4
What is 14 - (6 + 0 + -6 + -6) - 5?
15
What is (-15 + 13 - 2) + 10 + (4 - 16)?
-6
Calculate 1 + (-9 - -6) + 3.
1
What is the value of -5 + (2 + -4 - (2 + 3))?
-12
Calculate 8 + -2 + (72 - 82) - -1.
-3
What is the value of 2 - (40 + -52 - (3 - (0 + 21)))?
-4
What is the value of 2 + 4 - ((-5 - 5) + (-1 - -4))?
13
Evaluate -14 - (12 + -8 + -4 + -4).
-10
What is the value of ((-8 - -11) + -2 - 0) + (2 - 20)?
-17
What is the value of -14 + 9 + 1 - (0 - -8)?
-12
Calculate -15 - -1 - (4 - 11) - -2.
-5
Calculate (9 + -2 - 4) + (15 - 45).
-27
-6 + -7 + 24 + -17
-6
Calculate -2 + -1 + -17 + -299 + 286.
-33
Calculate -4 + (6 - -2) + (2 - 2).
4
Evaluate -23 + 44 + 9 + -24.
6
-1 + -3 + (-13 - -29)
12
What is -332 - -315 - (1 + -43)?
25
Evaluate -2 - -3 - (-3 - 16 - -8).
12
Calculate 1 + -6 + 1 - ((14 - -12) + -20).
-10
-19 - (-1 + (-19 - -17))
-16
What is the value of 54 + -49 + (-2 - -1) - -8?
12
Calculate 38 + -26 + -33 + -6 + -1.
-28
Calculate (-18 - -16) + -14 + 9.
-7
(15 + -11 - (1 - -17)) + 7 - -7
0
What is -1673 + 1675 - (4 + -1 + 1)?
-2
(16 - (7 - -2) - -21) + (-13 - -9)
24
What is -28 - (-36 - (-24 + 16))?
0
(4 - 2) + -12 + 7 - 0
-3
Calculate -4 + 12 + -12 + (-1 + 25 - -3).
23
What is the value of 24 + -13 + 10 - (7 + (-8 - 0))?
22
Calculate -12 + (31 - -10 - 60).
-31
What is the value of -5 - -3 - -19 - (-84 - -77)?
24
-41 + 52 + (-4 - 12)
-5
Evaluate -9 + (0 + 6 - (20 + -8 + -5)).
-10
What is the value of 16 - (-13 + 14) - -26 - (-2 + 10)?
33
Calculate -10 + 2 - (1 + -22).
13
What is the value of 6 + (-10 - (10 + -20 - -6)) - 2?
-2
Evaluate (-4 - -1) + (-14 - ((-4 - 5) + 2)).
-10
2 - ((-2 - -5) + -5 + -20 + 1)
23
Evaluate 8 + -1 + 2 + -14 + 8.
3
Evaluate -4 + -2 - (-9 - (-7 + -9 + 2)).
-11
Evaluate -7 + -1 + (55 - 49).
-2
Calculate 4 + (-21 + 21 - (2 - 15)).
17
Calculate (-12 - (9 - 22)) + (0 - 2).
-1
What is 7 + -2 + 4 + -17 + -2?
-10
Evaluate 42 + (-44 - (41 - 6)).
-37
What is 10 + -3 + (-30 - -15 - -11)?
3
What is 1 + (-30 + 10 - -12)?
-7
What is the value of 9 + (24 - 20 - (5 + -1)) - 7?
2
Evaluate (-4 - (-18 - -13)) + 8.
9
Evaluate -28 - (1 + (-13 - (15 - 26))).
-27
Calculate 1 + 4 + -4 - (-16 - (3 + -24)).
-4
What is 13 + (7 + -24 - -11) + -8?
-1
Evaluate -1 - (-1 - -16 - 7).
-9
Calculate 23 + (-17 - -8) - 25.
-11
What is 4 + (35 - 29 - (24 + -3))?
-11
Evaluate 12 + -2 + 2 + (-1 - 31).
-20
Evaluate (26 - 31) + (8 + 1 - 21).
-17
Calculate -11 + (0 - (-1 + -33)) + -8.
15
-14 + 5 - (-10 + 25)
-24
What is -11 - (12 + (-10 - -4)) - -5?
-12
What is the value of 0 + -4 - 12 - -12?
-4
What is the value of 2 + (-6 - -1) + -68 + 23 + 35?
-13
Evaluate -3 + (76 - 82 - (1 - 4)) + 6.
0
1006 + -1006 + (-1 + 3 - (3 - 1))
0
Calculate (6 + -15 + 4 - -3) + 17.
15
What is the value of (11 + -15 - (7 - -1)) + -1?
-13
Calculate (-17 - -19) + 4 + 0.
6
-2 + -29 + -2 - (5 - (-3 + 16))
-25
Evaluate 3 - ((10 - 7) + -2 + 6 + 1).
-5
What is the value of -63 - -72 - (-3 + 1)?
11
-10 - -7 - 2 - (1 + 1)
-7
What is the value of (-2 - -5) + (-26 - (7 - 21)) + 6?
-3
What is the value of -48 + -2 + (714 - 697)?
-33
What is the value of (42 - 18) + -53 + 6?
-23
What is 2 - (11 + 4 + -9)?
-4
Calculate 12 - (-9 + (4 - -7)) - (2 - 3).
11
Calculate 4 - (0 + -6) - 8.
2
What is (29 - (-8 + 37)) + (1 + -2 - -12)?
11
Calculate 0 + 1 - (14 - (-11 + (9 - -20))).
5
-14 - (2 - (0 - (4 - -3)) - 7)
-16
Calculate 19 - (13 - -6) - -17.
17
Evaluate -92 + 85 - (-2 - -2).
-7
What is the value of -1 + 20 + (-17 + 1 - (-40 + 33))?
10
-6 + 2 + 4 + 2 + 21
23
Calculate -2 + (-2 - -4) + (21 + -30 - -5).
-4
What is 8 - (-13 + 12 - (5 + -3))?
11
What is the value of (-24 + -1 - -60) + -19?
16
Calculate -8 + -4 + (13 - 4 - 8) + -4.
-15
Evaluate (4 - -17 - 21) + 8.
8
Evaluate 19 + (1 - 17) + 33 + -1 - 5.
30
Evaluate 15 - (-12 + (-5 - -22)).
10
What is the value of 9 - (11 + -18 - -8)?
8
Calculate 15 - -1 - ((-30 - -32) + 5).
9
Evaluate (36 - 6) + -10 + -38.
-18
What is -28 + (-18 - -34) - (3 - 0)?
-15
Calculate 2 - (9 - 20 - -13).
0
Calculate -1159 + 1151 - (-7 + 3 + -2 + 1).
-3
What is the value of (46 - 34) + 4 - 28?
-12
Evaluate 14 - (28 + 10 + -15).
-9
Evaluate 8 - 16 - (0 + -4 + -1) - -9.
6
What is 30 - 18 - 15 - -17?
14
What is (6 - -1 - -3) + -10 + -2?
-2
Calculate 11 - (22 - 12) - -5 - (0 + -2).
8
Evaluate 3 - -3 - ((7 - 6) + 2).
3
What is (-10 - (0 - 5) - -2 - -29) + -7?
19
What is (-6 - (4 - 3)) + (14 - 25)?
-18
Calculate -12 - 0 - (-86 - -87).
-13
-3 + 0 - (27 + -35 - 8)
13
Evaluate (-1 - 17) + 271 + -284.
-31
Evaluate 21 + -38 - -15 - (2 - 11).
7
Calculate 4 + -5 - (-1 - (5 - 5)).
0
Evaluate -103 - -139 - (9 + -4).
31
What is -25 - -1 - -3 - (188 + -187)?
-22
What is the value of (76 + -70 - (-22 - 2) - 3) + -4?
23
-27 - -33 - (-1 + 27) - -12
-8
-30 + 19 + 1 + 22
12
What is the value of -9 - (-22 + 7 + -9 + 10)?
5
73 + -70 - (-6 + 0 + -5)
14
What is the value of 6 + (-13 - -5) + -1 + 6?
3
What is the value of (0 - -17) + -11 + -6 - (1 + -9)?
8
Calculate -52 - -64 - (9 + -2).
5
Calculate -5 + (0 - -19) + 20 + -11.
23
Evaluate -12 - (17 - (17 + 14)).
2
Evaluate (4 -